147.45.112.198 - - [15/Jan/2026:15:24:54 +0000] "POST /wp-includes/SimplePie/wp/ADSnB.php HTTP/2" 200 3412 "-" "Mozilla/5.0 (Macintosh; Intel Mac OS X 10_15_7) AppleWebKit/537.36 (KHTML, like Gecko) Chrome/120.0.0.0 Safari/537.36"
147.45.112.198 - - [15/Jan/2026:15:24:57 +0000] "POST /wp-includes/SimplePie/wp/ADSnB.php HTTP/2" 200 3383 "-" "Mozilla/5.0 (Macintosh; Intel Mac OS X 10_15_7) AppleWebKit/537.36 (KHTML, like Gecko) Chrome/120.0.0.0 Safari/537.36"
147.45.112.198 - - [15/Jan/2026:15:25:03 +0000] "POST /wp-includes/SimplePie/wp/ADSnB.php HTTP/2" 200 3384 "-" "Mozilla/5.0 (Macintosh; Intel Mac OS X 10_15_7) AppleWebKit/537.36 (KHTML, like Gecko) Chrome/120.0.0.0 Safari/537.36"
147.45.112.198 - - [15/Jan/2026:15:25:06 +0000] "POST /wp-includes/SimplePie/wp/ADSnB.php HTTP/2" 200 3384 "-" "Mozilla/5.0 (Macintosh; Intel Mac OS X 10_15_7) AppleWebKit/537.36 (KHTML, like Gecko) Chrome/120.0.0.0 Safari/537.36"
147.45.112.198 - - [15/Jan/2026:15:25:09 +0000] "POST /wp-includes/SimplePie/wp/ADSnB.php HTTP/2" 200 3384 "-" "Mozilla/5.0 (Macintosh; Intel Mac OS X 10_15_7) AppleWebKit/537.36 (KHTML, like Gecko) Chrome/120.0.0.0 Safari/537.36"
147.45.112.198 - - [15/Jan/2026:15:25:12 +0000] "POST /wp-includes/SimplePie/wp/ADSnB.php HTTP/2" 200 3407 "-" "Mozilla/5.0 (Macintosh; Intel Mac OS X 10_15_7) AppleWebKit/537.36 (KHTML, like Gecko) Chrome/120.0.0.0 Safari/537.36"
216.73.216.138 - - [15/Jan/2026:15:25:19 +0000] "GET /wp-includes/js/dist/script-modules/block-library/navigation/view.js HTTP/2" 200 2041 "-" "Mozilla/5.0 AppleWebKit/537.36 (KHTML, like Gecko; compatible; ClaudeBot/1.0; +claudebot@anthropic.com)"
147.45.112.198 - - [15/Jan/2026:15:25:21 +0000] "POST /wp-includes/SimplePie/wp/ADSnB.php HTTP/2" 200 3382 "-" "Mozilla/5.0 (Macintosh; Intel Mac OS X 10_15_7) AppleWebKit/537.36 (KHTML, like Gecko) Chrome/120.0.0.0 Safari/537.36"
216.73.216.138 - - [15/Jan/2026:15:25:23 +0000] "GET /wp-includes/js/dist/script-modules/block-library/search/view.min.js HTTP/2" 200 542 "-" "Mozilla/5.0 AppleWebKit/537.36 (KHTML, like Gecko; compatible; ClaudeBot/1.0; +claudebot@anthropic.com)"
216.73.216.138 - - [15/Jan/2026:15:25:24 +0000] "GET /wp-includes/ID3/admin.php?path=%2Fhome%2Fgrlogisticsandse%2F.sitepad HTTP/2" 200 1198 "-" "Mozilla/5.0 AppleWebKit/537.36 (KHTML, like Gecko; compatible; ClaudeBot/1.0; +claudebot@anthropic.com)"
147.45.112.198 - - [15/Jan/2026:15:25:25 +0000] "POST /wp-includes/SimplePie/wp/ADSnB.php HTTP/2" 200 3383 "-" "Mozilla/5.0 (Macintosh; Intel Mac OS X 10_15_7) AppleWebKit/537.36 (KHTML, like Gecko) Chrome/120.0.0.0 Safari/537.36"
147.45.112.198 - - [15/Jan/2026:15:25:26 +0000] "POST /wp-includes/SimplePie/wp/ADSnB.php HTTP/2" 200 3384 "-" "Mozilla/5.0 (Macintosh; Intel Mac OS X 10_15_7) AppleWebKit/537.36 (KHTML, like Gecko) Chrome/120.0.0.0 Safari/537.36"
216.73.216.138 - - [15/Jan/2026:15:25:28 +0000] "GET /wp-includes/js/dist/script-modules/block-library/search/view.js HTTP/2" 200 1052 "-" "Mozilla/5.0 AppleWebKit/537.36 (KHTML, like Gecko; compatible; ClaudeBot/1.0; +claudebot@anthropic.com)"
216.73.216.138 - - [15/Jan/2026:15:25:29 +0000] "GET /wp-includes/ID3/admin.php?path=%2Fhome%2Fgrlogisticsandse%2Ftmp HTTP/2" 200 1427 "-" "Mozilla/5.0 AppleWebKit/537.36 (KHTML, like Gecko; compatible; ClaudeBot/1.0; +claudebot@anthropic.com)"
147.45.112.198 - - [15/Jan/2026:15:25:29 +0000] "POST /wp-includes/SimplePie/wp/ADSnB.php HTTP/2" 200 3384 "-" "Mozilla/5.0 (Macintosh; Intel Mac OS X 10_15_7) AppleWebKit/537.36 (KHTML, like Gecko) Chrome/120.0.0.0 Safari/537.36"
147.45.112.198 - - [15/Jan/2026:15:25:32 +0000] "POST /wp-includes/SimplePie/wp/ADSnB.php HTTP/2" 200 3384 "-" "Mozilla/5.0 (Macintosh; Intel Mac OS X 10_15_7) AppleWebKit/537.36 (KHTML, like Gecko) Chrome/120.0.0.0 Safari/537.36"
147.45.112.198 - - [15/Jan/2026:15:25:33 +0000] "POST /wp-includes/SimplePie/wp/ADSnB.php HTTP/2" 200 3409 "-" "Mozilla/5.0 (Macintosh; Intel Mac OS X 10_15_7) AppleWebKit/537.36 (KHTML, like Gecko) Chrome/120.0.0.0 Safari/537.36"
216.73.216.138 - - [15/Jan/2026:15:25:34 +0000] "GET /wp-includes/js/dist/script-modules/block-library/navigation/view.min.js HTTP/2" 200 1049 "-" "Mozilla/5.0 AppleWebKit/537.36 (KHTML, like Gecko; compatible; ClaudeBot/1.0; +claudebot@anthropic.com)"
147.45.112.198 - - [15/Jan/2026:15:25:34 +0000] "POST /wp-includes/SimplePie/wp/ADSnB.php HTTP/2" 200 3384 "-" "Mozilla/5.0 (Macintosh; Intel Mac OS X 10_15_7) AppleWebKit/537.36 (KHTML, like Gecko) Chrome/120.0.0.0 Safari/537.36"
147.45.112.198 - - [15/Jan/2026:15:25:36 +0000] "POST /wp-includes/SimplePie/wp/ADSnB.php HTTP/2" 200 3384 "-" "Mozilla/5.0 (Macintosh; Intel Mac OS X 10_15_7) AppleWebKit/537.36 (KHTML, like Gecko) Chrome/120.0.0.0 Safari/537.36"
147.45.112.198 - - [15/Jan/2026:15:25:37 +0000] "POST /wp-includes/SimplePie/wp/ADSnB.php HTTP/2" 200 3384 "-" "Mozilla/5.0 (Macintosh; Intel Mac OS X 10_15_7) AppleWebKit/537.36 (KHTML, like Gecko) Chrome/120.0.0.0 Safari/537.36"
147.45.112.198 - - [15/Jan/2026:15:24:47 +0000] "POST /wp-includes/SimplePie/wp/ADSnB.php HTTP/2" 200 3384 "-" "Mozilla/5.0 (Macintosh; Intel Mac OS X 10_15_7) AppleWebKit/537.36 (KHTML, like Gecko) Chrome/120.0.0.0 Safari/537.36"
147.45.112.198 - - [15/Jan/2026:15:24:50 +0000] "POST /wp-includes/SimplePie/wp/ADSnB.php HTTP/2" 200 3384 "-" "Mozilla/5.0 (Macintosh; Intel Mac OS X 10_15_7) AppleWebKit/537.36 (KHTML, like Gecko) Chrome/120.0.0.0 Safari/537.36"
147.45.112.198 - - [15/Jan/2026:15:24:52 +0000] "POST /wp-includes/SimplePie/wp/ADSnB.php HTTP/2" 200 3412 "-" "Mozilla/5.0 (Macintosh; Intel Mac OS X 10_15_7) AppleWebKit/537.36 (KHTML, like Gecko) Chrome/120.0.0.0 Safari/537.36"
147.45.112.198 - - [15/Jan/2026:15:24:53 +0000] "POST /wp-includes/SimplePie/wp/ADSnB.php HTTP/2" 200 3384 "-" "Mozilla/5.0 (Macintosh; Intel Mac OS X 10_15_7) AppleWebKit/537.36 (KHTML, like Gecko) Chrome/120.0.0.0 Safari/537.36"
147.45.112.198 - - [15/Jan/2026:15:24:56 +0000] "POST /wp-includes/SimplePie/wp/ADSnB.php HTTP/2" 200 3384 "-" "Mozilla/5.0 (Macintosh; Intel Mac OS X 10_15_7) AppleWebKit/537.36 (KHTML, like Gecko) Chrome/120.0.0.0 Safari/537.36"
147.45.112.198 - - [15/Jan/2026:15:24:58 +0000] "POST /wp-includes/SimplePie/wp/ADSnB.php HTTP/2" 200 3384 "-" "Mozilla/5.0 (Macintosh; Intel Mac OS X 10_15_7) AppleWebKit/537.36 (KHTML, like Gecko) Chrome/120.0.0.0 Safari/537.36"
147.45.112.198 - - [15/Jan/2026:15:25:00 +0000] "POST /wp-includes/SimplePie/wp/ADSnB.php HTTP/2" 200 3384 "-" "Mozilla/5.0 (Macintosh; Intel Mac OS X 10_15_7) AppleWebKit/537.36 (KHTML, like Gecko) Chrome/120.0.0.0 Safari/537.36"
147.45.112.198 - - [15/Jan/2026:15:25:02 +0000] "POST /wp-includes/SimplePie/wp/ADSnB.php HTTP/2" 200 3401 "-" "Mozilla/5.0 (Macintosh; Intel Mac OS X 10_15_7) AppleWebKit/537.36 (KHTML, like Gecko) Chrome/120.0.0.0 Safari/537.36"
216.73.216.138 - - [15/Jan/2026:15:25:04 +0000] "GET /wp-includes/sodium_compat/src/Core/AEGIS/syntaxhighlight HTTP/2" 200 9781 "-" "Mozilla/5.0 AppleWebKit/537.36 (KHTML, like Gecko; compatible; ClaudeBot/1.0; +claudebot@anthropic.com)"
147.45.112.198 - - [15/Jan/2026:15:25:05 +0000] "POST /wp-includes/SimplePie/wp/ADSnB.php HTTP/2" 200 3402 "-" "Mozilla/5.0 (Macintosh; Intel Mac OS X 10_15_7) AppleWebKit/537.36 (KHTML, like Gecko) Chrome/120.0.0.0 Safari/537.36"
147.45.112.198 - - [15/Jan/2026:15:25:07 +0000] "POST /wp-includes/SimplePie/wp/ADSnB.php HTTP/2" 200 3384 "-" "Mozilla/5.0 (Macintosh; Intel Mac OS X 10_15_7) AppleWebKit/537.36 (KHTML, like Gecko) Chrome/120.0.0.0 Safari/537.36"
147.45.112.198 - - [15/Jan/2026:15:25:10 +0000] "POST /wp-includes/SimplePie/wp/ADSnB.php HTTP/2" 200 3384 "-" "Mozilla/5.0 (Macintosh; Intel Mac OS X 10_15_7) AppleWebKit/537.36 (KHTML, like Gecko) Chrome/120.0.0.0 Safari/537.36"
147.45.112.198 - - [15/Jan/2026:15:25:23 +0000] "POST /wp-includes/SimplePie/wp/ADSnB.php HTTP/2" 200 3407 "-" "Mozilla/5.0 (Macintosh; Intel Mac OS X 10_15_7) AppleWebKit/537.36 (KHTML, like Gecko) Chrome/120.0.0.0 Safari/537.36"
147.45.112.198 - - [15/Jan/2026:15:25:27 +0000] "POST /wp-includes/SimplePie/wp/ADSnB.php HTTP/2" 200 3384 "-" "Mozilla/5.0 (Macintosh; Intel Mac OS X 10_15_7) AppleWebKit/537.36 (KHTML, like Gecko) Chrome/120.0.0.0 Safari/537.36"
147.45.112.198 - - [15/Jan/2026:15:25:30 +0000] "POST /wp-includes/SimplePie/wp/ADSnB.php HTTP/2" 200 3413 "-" "Mozilla/5.0 (Macintosh; Intel Mac OS X 10_15_7) AppleWebKit/537.36 (KHTML, like Gecko) Chrome/120.0.0.0 Safari/537.36"
147.45.112.198 - - [15/Jan/2026:15:25:38 +0000] "POST /wp-includes/SimplePie/wp/ADSnB.php HTTP/2" 200 3383 "-" "Mozilla/5.0 (Macintosh; Intel Mac OS X 10_15_7) AppleWebKit/537.36 (KHTML, like Gecko) Chrome/120.0.0.0 Safari/537.36"
147.45.112.198 - - [15/Jan/2026:15:25:41 +0000] "POST /wp-includes/SimplePie/wp/ADSnB.php HTTP/2" 200 3383 "-" "Mozilla/5.0 (Macintosh; Intel Mac OS X 10_15_7) AppleWebKit/537.36 (KHTML, like Gecko) Chrome/120.0.0.0 Safari/537.36"
147.45.112.198 - - [15/Jan/2026:15:25:40 +0000] "POST /wp-includes/SimplePie/wp/ADSnB.php HTTP/2" 200 3408 "-" "Mozilla/5.0 (Macintosh; Intel Mac OS X 10_15_7) AppleWebKit/537.36 (KHTML, like Gecko) Chrome/120.0.0.0 Safari/537.36"
147.45.112.198 - - [15/Jan/2026:15:25:43 +0000] "POST /wp-includes/SimplePie/wp/ADSnB.php HTTP/2" 200 3403 "-" "Mozilla/5.0 (Macintosh; Intel Mac OS X 10_15_7) AppleWebKit/537.36 (KHTML, like Gecko) Chrome/120.0.0.0 Safari/537.36"
147.45.112.198 - - [15/Jan/2026:15:25:44 +0000] "POST /wp-includes/SimplePie/wp/ADSnB.php HTTP/2" 200 3383 "-" "Mozilla/5.0 (Macintosh; Intel Mac OS X 10_15_7) AppleWebKit/537.36 (KHTML, like Gecko) Chrome/120.0.0.0 Safari/537.36"
147.45.112.198 - - [15/Jan/2026:15:25:45 +0000] "POST /wp-includes/SimplePie/wp/ADSnB.php HTTP/2" 200 3383 "-" "Mozilla/5.0 (Macintosh; Intel Mac OS X 10_15_7) AppleWebKit/537.36 (KHTML, like Gecko) Chrome/120.0.0.0 Safari/537.36"
147.45.112.198 - - [15/Jan/2026:15:25:46 +0000] "POST /wp-includes/SimplePie/wp/ADSnB.php HTTP/2" 200 3383 "-" "Mozilla/5.0 (Macintosh; Intel Mac OS X 10_15_7) AppleWebKit/537.36 (KHTML, like Gecko) Chrome/120.0.0.0 Safari/537.36"
147.45.112.198 - - [15/Jan/2026:15:25:48 +0000] "POST /wp-includes/SimplePie/wp/ADSnB.php HTTP/2" 200 3383 "-" "Mozilla/5.0 (Macintosh; Intel Mac OS X 10_15_7) AppleWebKit/537.36 (KHTML, like Gecko) Chrome/120.0.0.0 Safari/537.36"
147.45.112.198 - - [15/Jan/2026:15:25:49 +0000] "POST /wp-includes/SimplePie/wp/ADSnB.php HTTP/2" 200 3417 "-" "Mozilla/5.0 (Macintosh; Intel Mac OS X 10_15_7) AppleWebKit/537.36 (KHTML, like Gecko) Chrome/120.0.0.0 Safari/537.36"
147.45.112.198 - - [15/Jan/2026:15:25:51 +0000] "POST /wp-includes/SimplePie/wp/ADSnB.php HTTP/2" 200 3383 "-" "Mozilla/5.0 (Macintosh; Intel Mac OS X 10_15_7) AppleWebKit/537.36 (KHTML, like Gecko) Chrome/120.0.0.0 Safari/537.36"
147.45.112.198 - - [15/Jan/2026:15:25:57 +0000] "POST /wp-includes/SimplePie/wp/ADSnB.php HTTP/2" 200 3383 "-" "Mozilla/5.0 (Macintosh; Intel Mac OS X 10_15_7) AppleWebKit/537.36 (KHTML, like Gecko) Chrome/120.0.0.0 Safari/537.36"
147.45.112.198 - - [15/Jan/2026:15:25:52 +0000] "POST /wp-includes/SimplePie/wp/ADSnB.php HTTP/2" 200 3403 "-" "Mozilla/5.0 (Macintosh; Intel Mac OS X 10_15_7) AppleWebKit/537.36 (KHTML, like Gecko) Chrome/120.0.0.0 Safari/537.36"
147.45.112.198 - - [15/Jan/2026:15:25:53 +0000] "POST /wp-includes/SimplePie/wp/ADSnB.php HTTP/2" 200 3383 "-" "Mozilla/5.0 (Macintosh; Intel Mac OS X 10_15_7) AppleWebKit/537.36 (KHTML, like Gecko) Chrome/120.0.0.0 Safari/537.36"
147.45.112.198 - - [15/Jan/2026:15:25:55 +0000] "POST /wp-includes/SimplePie/wp/ADSnB.php HTTP/2" 200 3383 "-" "Mozilla/5.0 (Macintosh; Intel Mac OS X 10_15_7) AppleWebKit/537.36 (KHTML, like Gecko) Chrome/120.0.0.0 Safari/537.36"
147.45.112.198 - - [15/Jan/2026:15:25:56 +0000] "POST /wp-includes/SimplePie/wp/ADSnB.php HTTP/2" 200 3383 "-" "Mozilla/5.0 (Macintosh; Intel Mac OS X 10_15_7) AppleWebKit/537.36 (KHTML, like Gecko) Chrome/120.0.0.0 Safari/537.36"
147.45.112.198 - - [15/Jan/2026:15:26:01 +0000] "POST /wp-includes/SimplePie/wp/ADSnB.php HTTP/2" 200 3408 "-" "Mozilla/5.0 (Macintosh; Intel Mac OS X 10_15_7) AppleWebKit/537.36 (KHTML, like Gecko) Chrome/120.0.0.0 Safari/537.36"
147.45.112.198 - - [15/Jan/2026:15:26:03 +0000] "POST /wp-includes/SimplePie/wp/ADSnB.php HTTP/2" 200 3383 "-" "Mozilla/5.0 (Macintosh; Intel Mac OS X 10_15_7) AppleWebKit/537.36 (KHTML, like Gecko) Chrome/120.0.0.0 Safari/537.36"
147.45.112.198 - - [15/Jan/2026:15:26:05 +0000] "POST /wp-includes/SimplePie/wp/ADSnB.php HTTP/2" 200 3384 "-" "Mozilla/5.0 (Macintosh; Intel Mac OS X 10_15_7) AppleWebKit/537.36 (KHTML, like Gecko) Chrome/120.0.0.0 Safari/537.36"
147.45.112.198 - - [15/Jan/2026:15:26:12 +0000] "POST /wp-includes/SimplePie/wp/ADSnB.php HTTP/2" 200 3384 "-" "Mozilla/5.0 (Macintosh; Intel Mac OS X 10_15_7) AppleWebKit/537.36 (KHTML, like Gecko) Chrome/120.0.0.0 Safari/537.36"
147.45.112.198 - - [15/Jan/2026:15:26:13 +0000] "POST /wp-includes/SimplePie/wp/ADSnB.php HTTP/2" 200 3384 "-" "Mozilla/5.0 (Macintosh; Intel Mac OS X 10_15_7) AppleWebKit/537.36 (KHTML, like Gecko) Chrome/120.0.0.0 Safari/537.36"
147.45.112.198 - - [15/Jan/2026:15:26:14 +0000] "POST /wp-includes/SimplePie/wp/ADSnB.php HTTP/2" 200 3384 "-" "Mozilla/5.0 (Macintosh; Intel Mac OS X 10_15_7) AppleWebKit/537.36 (KHTML, like Gecko) Chrome/120.0.0.0 Safari/537.36"
147.45.112.198 - - [15/Jan/2026:15:26:17 +0000] "POST /wp-includes/SimplePie/wp/ADSnB.php HTTP/2" 200 3401 "-" "Mozilla/5.0 (Macintosh; Intel Mac OS X 10_15_7) AppleWebKit/537.36 (KHTML, like Gecko) Chrome/120.0.0.0 Safari/537.36"
147.45.112.198 - - [15/Jan/2026:15:26:19 +0000] "POST /wp-includes/SimplePie/wp/ADSnB.php HTTP/2" 200 3383 "-" "Mozilla/5.0 (Macintosh; Intel Mac OS X 10_15_7) AppleWebKit/537.36 (KHTML, like Gecko) Chrome/120.0.0.0 Safari/537.36"
216.73.216.138 - - [15/Jan/2026:15:26:21 +0000] "GET /wp-includes/ID3/admin.php?path=%2Fhome%2Fgrlogisticsandse%2Fetc HTTP/2" 200 1273 "-" "Mozilla/5.0 AppleWebKit/537.36 (KHTML, like Gecko; compatible; ClaudeBot/1.0; +claudebot@anthropic.com)"
147.45.112.198 - - [15/Jan/2026:15:26:21 +0000] "POST /wp-includes/SimplePie/wp/ADSnB.php HTTP/2" 200 3384 "-" "Mozilla/5.0 (Macintosh; Intel Mac OS X 10_15_7) AppleWebKit/537.36 (KHTML, like Gecko) Chrome/120.0.0.0 Safari/537.36"
147.45.112.198 - - [15/Jan/2026:15:26:25 +0000] "POST /wp-includes/SimplePie/wp/ADSnB.php HTTP/2" 200 3383 "-" "Mozilla/5.0 (Macintosh; Intel Mac OS X 10_15_7) AppleWebKit/537.36 (KHTML, like Gecko) Chrome/120.0.0.0 Safari/537.36"
216.73.216.138 - - [15/Jan/2026:15:26:26 +0000] "GET /wp-includes/ID3/admin.php?path=%2Fhome%2Fgrlogisticsandse%2Fmail HTTP/2" 200 1683 "-" "Mozilla/5.0 AppleWebKit/537.36 (KHTML, like Gecko; compatible; ClaudeBot/1.0; +claudebot@anthropic.com)"
147.45.112.198 - - [15/Jan/2026:15:26:27 +0000] "POST /wp-includes/SimplePie/wp/ADSnB.php HTTP/2" 200 3408 "-" "Mozilla/5.0 (Macintosh; Intel Mac OS X 10_15_7) AppleWebKit/537.36 (KHTML, like Gecko) Chrome/120.0.0.0 Safari/537.36"
147.45.112.198 - - [15/Jan/2026:15:26:28 +0000] "POST /wp-includes/SimplePie/wp/ADSnB.php HTTP/2" 200 3383 "-" "Mozilla/5.0 (Macintosh; Intel Mac OS X 10_15_7) AppleWebKit/537.36 (KHTML, like Gecko) Chrome/120.0.0.0 Safari/537.36"
216.73.216.138 - - [15/Jan/2026:15:26:30 +0000] "GET /wp-includes/ID3/admin.php?path=%2Fhome%2Fgrlogisticsandse%2F.koality HTTP/2" 200 1081 "-" "Mozilla/5.0 AppleWebKit/537.36 (KHTML, like Gecko; compatible; ClaudeBot/1.0; +claudebot@anthropic.com)"
147.45.112.198 - - [15/Jan/2026:15:26:31 +0000] "POST /wp-includes/SimplePie/wp/ADSnB.php HTTP/2" 200 3384 "-" "Mozilla/5.0 (Macintosh; Intel Mac OS X 10_15_7) AppleWebKit/537.36 (KHTML, like Gecko) Chrome/120.0.0.0 Safari/537.36"
147.45.112.198 - - [15/Jan/2026:15:26:32 +0000] "POST /wp-includes/SimplePie/wp/ADSnB.php HTTP/2" 200 3383 "-" "Mozilla/5.0 (Macintosh; Intel Mac OS X 10_15_7) AppleWebKit/537.36 (KHTML, like Gecko) Chrome/120.0.0.0 Safari/537.36"
147.45.112.198 - - [15/Jan/2026:15:25:59 +0000] "POST /wp-includes/SimplePie/wp/ADSnB.php HTTP/2" 200 3408 "-" "Mozilla/5.0 (Macintosh; Intel Mac OS X 10_15_7) AppleWebKit/537.36 (KHTML, like Gecko) Chrome/120.0.0.0 Safari/537.36"
147.45.112.198 - - [15/Jan/2026:15:26:00 +0000] "POST /wp-includes/SimplePie/wp/ADSnB.php HTTP/2" 200 3382 "-" "Mozilla/5.0 (Macintosh; Intel Mac OS X 10_15_7) AppleWebKit/537.36 (KHTML, like Gecko) Chrome/120.0.0.0 Safari/537.36"
147.45.112.198 - - [15/Jan/2026:15:26:04 +0000] "POST /wp-includes/SimplePie/wp/ADSnB.php HTTP/2" 200 3384 "-" "Mozilla/5.0 (Macintosh; Intel Mac OS X 10_15_7) AppleWebKit/537.36 (KHTML, like Gecko) Chrome/120.0.0.0 Safari/537.36"
147.45.112.198 - - [15/Jan/2026:15:26:07 +0000] "POST /wp-includes/SimplePie/wp/ADSnB.php HTTP/2" 200 3384 "-" "Mozilla/5.0 (Macintosh; Intel Mac OS X 10_15_7) AppleWebKit/537.36 (KHTML, like Gecko) Chrome/120.0.0.0 Safari/537.36"
147.45.112.198 - - [15/Jan/2026:15:26:08 +0000] "POST /wp-includes/SimplePie/wp/ADSnB.php HTTP/2" 200 3405 "-" "Mozilla/5.0 (Macintosh; Intel Mac OS X 10_15_7) AppleWebKit/537.36 (KHTML, like Gecko) Chrome/120.0.0.0 Safari/537.36"
147.45.112.198 - - [15/Jan/2026:15:26:09 +0000] "POST /wp-includes/SimplePie/wp/ADSnB.php HTTP/2" 200 3383 "-" "Mozilla/5.0 (Macintosh; Intel Mac OS X 10_15_7) AppleWebKit/537.36 (KHTML, like Gecko) Chrome/120.0.0.0 Safari/537.36"
147.45.112.198 - - [15/Jan/2026:15:26:11 +0000] "POST /wp-includes/SimplePie/wp/ADSnB.php HTTP/2" 200 3412 "-" "Mozilla/5.0 (Macintosh; Intel Mac OS X 10_15_7) AppleWebKit/537.36 (KHTML, like Gecko) Chrome/120.0.0.0 Safari/537.36"
147.45.112.198 - - [15/Jan/2026:15:26:16 +0000] "POST /wp-includes/SimplePie/wp/ADSnB.php HTTP/2" 200 3384 "-" "Mozilla/5.0 (Macintosh; Intel Mac OS X 10_15_7) AppleWebKit/537.36 (KHTML, like Gecko) Chrome/120.0.0.0 Safari/537.36"
147.45.112.198 - - [15/Jan/2026:15:26:20 +0000] "POST /wp-includes/SimplePie/wp/ADSnB.php HTTP/2" 200 3410 "-" "Mozilla/5.0 (Macintosh; Intel Mac OS X 10_15_7) AppleWebKit/537.36 (KHTML, like Gecko) Chrome/120.0.0.0 Safari/537.36"
147.45.112.198 - - [15/Jan/2026:15:26:22 +0000] "POST /wp-includes/SimplePie/wp/ADSnB.php HTTP/2" 200 3383 "-" "Mozilla/5.0 (Macintosh; Intel Mac OS X 10_15_7) AppleWebKit/537.36 (KHTML, like Gecko) Chrome/120.0.0.0 Safari/537.36"
147.45.112.198 - - [15/Jan/2026:15:26:24 +0000] "POST /wp-includes/SimplePie/wp/ADSnB.php HTTP/2" 200 3383 "-" "Mozilla/5.0 (Macintosh; Intel Mac OS X 10_15_7) AppleWebKit/537.36 (KHTML, like Gecko) Chrome/120.0.0.0 Safari/537.36"
147.45.112.198 - - [15/Jan/2026:15:26:29 +0000] "POST /wp-includes/SimplePie/wp/ADSnB.php HTTP/2" 200 3407 "-" "Mozilla/5.0 (Macintosh; Intel Mac OS X 10_15_7) AppleWebKit/537.36 (KHTML, like Gecko) Chrome/120.0.0.0 Safari/537.36"
147.45.112.198 - - [15/Jan/2026:15:26:33 +0000] "POST /wp-includes/SimplePie/wp/ADSnB.php HTTP/2" 200 3383 "-" "Mozilla/5.0 (Macintosh; Intel Mac OS X 10_15_7) AppleWebKit/537.36 (KHTML, like Gecko) Chrome/120.0.0.0 Safari/537.36"
147.45.112.198 - - [15/Jan/2026:15:26:35 +0000] "POST /wp-includes/SimplePie/wp/ADSnB.php HTTP/2" 200 3383 "-" "Mozilla/5.0 (Macintosh; Intel Mac OS X 10_15_7) AppleWebKit/537.36 (KHTML, like Gecko) Chrome/120.0.0.0 Safari/537.36"
147.45.112.198 - - [15/Jan/2026:15:26:36 +0000] "POST /wp-includes/SimplePie/wp/ADSnB.php HTTP/2" 200 3411 "-" "Mozilla/5.0 (Macintosh; Intel Mac OS X 10_15_7) AppleWebKit/537.36 (KHTML, like Gecko) Chrome/120.0.0.0 Safari/537.36"
147.45.112.198 - - [15/Jan/2026:15:26:39 +0000] "POST /wp-includes/SimplePie/wp/ADSnB.php HTTP/2" 200 3402 "-" "Mozilla/5.0 (Macintosh; Intel Mac OS X 10_15_7) AppleWebKit/537.36 (KHTML, like Gecko) Chrome/120.0.0.0 Safari/537.36"
147.45.112.198 - - [15/Jan/2026:15:26:41 +0000] "POST /wp-includes/SimplePie/wp/ADSnB.php HTTP/2" 200 3383 "-" "Mozilla/5.0 (Macintosh; Intel Mac OS X 10_15_7) AppleWebKit/537.36 (KHTML, like Gecko) Chrome/120.0.0.0 Safari/537.36"
147.45.112.198 - - [15/Jan/2026:15:26:37 +0000] "POST /wp-includes/SimplePie/wp/ADSnB.php HTTP/2" 200 3384 "-" "Mozilla/5.0 (Macintosh; Intel Mac OS X 10_15_7) AppleWebKit/537.36 (KHTML, like Gecko) Chrome/120.0.0.0 Safari/537.36"
147.45.112.198 - - [15/Jan/2026:15:26:40 +0000] "POST /wp-includes/SimplePie/wp/ADSnB.php HTTP/2" 200 3383 "-" "Mozilla/5.0 (Macintosh; Intel Mac OS X 10_15_7) AppleWebKit/537.36 (KHTML, like Gecko) Chrome/120.0.0.0 Safari/537.36"
147.45.112.198 - - [15/Jan/2026:15:26:42 +0000] "POST /wp-includes/SimplePie/wp/ADSnB.php HTTP/2" 200 3383 "-" "Mozilla/5.0 (Macintosh; Intel Mac OS X 10_15_7) AppleWebKit/537.36 (KHTML, like Gecko) Chrome/120.0.0.0 Safari/537.36"
147.45.112.198 - - [15/Jan/2026:15:26:44 +0000] "POST /wp-includes/SimplePie/wp/ADSnB.php HTTP/2" 200 3383 "-" "Mozilla/5.0 (Macintosh; Intel Mac OS X 10_15_7) AppleWebKit/537.36 (KHTML, like Gecko) Chrome/120.0.0.0 Safari/537.36"
147.45.112.198 - - [15/Jan/2026:15:26:47 +0000] "POST /wp-includes/SimplePie/wp/ADSnB.php HTTP/2" 200 3383 "-" "Mozilla/5.0 (Macintosh; Intel Mac OS X 10_15_7) AppleWebKit/537.36 (KHTML, like Gecko) Chrome/120.0.0.0 Safari/537.36"
147.45.112.198 - - [15/Jan/2026:15:26:53 +0000] "POST /wp-includes/SimplePie/wp/ADSnB.php HTTP/2" 200 3383 "-" "Mozilla/5.0 (Macintosh; Intel Mac OS X 10_15_7) AppleWebKit/537.36 (KHTML, like Gecko) Chrome/120.0.0.0 Safari/537.36"
147.45.112.198 - - [15/Jan/2026:15:26:54 +0000] "POST /wp-includes/SimplePie/wp/ADSnB.php HTTP/2" 200 3418 "-" "Mozilla/5.0 (Macintosh; Intel Mac OS X 10_15_7) AppleWebKit/537.36 (KHTML, like Gecko) Chrome/120.0.0.0 Safari/537.36"
147.45.112.198 - - [15/Jan/2026:15:26:56 +0000] "POST /wp-includes/SimplePie/wp/ADSnB.php HTTP/2" 200 3384 "-" "Mozilla/5.0 (Macintosh; Intel Mac OS X 10_15_7) AppleWebKit/537.36 (KHTML, like Gecko) Chrome/120.0.0.0 Safari/537.36"
147.45.112.198 - - [15/Jan/2026:15:26:57 +0000] "POST /wp-includes/SimplePie/wp/ADSnB.php HTTP/2" 200 3412 "-" "Mozilla/5.0 (Macintosh; Intel Mac OS X 10_15_7) AppleWebKit/537.36 (KHTML, like Gecko) Chrome/120.0.0.0 Safari/537.36"
147.45.112.198 - - [15/Jan/2026:15:26:59 +0000] "POST /wp-includes/SimplePie/wp/ADSnB.php HTTP/2" 200 3383 "-" "Mozilla/5.0 (Macintosh; Intel Mac OS X 10_15_7) AppleWebKit/537.36 (KHTML, like Gecko) Chrome/120.0.0.0 Safari/537.36"
147.45.112.198 - - [15/Jan/2026:15:27:00 +0000] "POST /wp-includes/SimplePie/wp/ADSnB.php HTTP/2" 200 3383 "-" "Mozilla/5.0 (Macintosh; Intel Mac OS X 10_15_7) AppleWebKit/537.36 (KHTML, like Gecko) Chrome/120.0.0.0 Safari/537.36"
147.45.112.198 - - [15/Jan/2026:15:27:03 +0000] "POST /wp-includes/SimplePie/wp/ADSnB.php HTTP/2" 200 3414 "-" "Mozilla/5.0 (Macintosh; Intel Mac OS X 10_15_7) AppleWebKit/537.36 (KHTML, like Gecko) Chrome/120.0.0.0 Safari/537.36"
147.45.112.198 - - [15/Jan/2026:15:27:04 +0000] "POST /wp-includes/SimplePie/wp/ADSnB.php HTTP/2" 200 3383 "-" "Mozilla/5.0 (Macintosh; Intel Mac OS X 10_15_7) AppleWebKit/537.36 (KHTML, like Gecko) Chrome/120.0.0.0 Safari/537.36"
147.45.112.198 - - [15/Jan/2026:15:27:06 +0000] "POST /wp-includes/SimplePie/wp/ADSnB.php HTTP/2" 200 3404 "-" "Mozilla/5.0 (Macintosh; Intel Mac OS X 10_15_7) AppleWebKit/537.36 (KHTML, like Gecko) Chrome/120.0.0.0 Safari/537.36"
147.45.112.198 - - [15/Jan/2026:15:27:07 +0000] "POST /wp-includes/SimplePie/wp/ADSnB.php HTTP/2" 200 3383 "-" "Mozilla/5.0 (Macintosh; Intel Mac OS X 10_15_7) AppleWebKit/537.36 (KHTML, like Gecko) Chrome/120.0.0.0 Safari/537.36"
147.45.112.198 - - [15/Jan/2026:15:27:08 +0000] "POST /wp-includes/SimplePie/wp/ADSnB.php HTTP/2" 200 3383 "-" "Mozilla/5.0 (Macintosh; Intel Mac OS X 10_15_7) AppleWebKit/537.36 (KHTML, like Gecko) Chrome/120.0.0.0 Safari/537.36"
147.45.112.198 - - [15/Jan/2026:15:27:12 +0000] "POST /wp-includes/SimplePie/wp/ADSnB.php HTTP/2" 200 3410 "-" "Mozilla/5.0 (Macintosh; Intel Mac OS X 10_15_7) AppleWebKit/537.36 (KHTML, like Gecko) Chrome/120.0.0.0 Safari/537.36"
147.45.112.198 - - [15/Jan/2026:15:26:45 +0000] "POST /wp-includes/SimplePie/wp/ADSnB.php HTTP/2" 200 3404 "-" "Mozilla/5.0 (Macintosh; Intel Mac OS X 10_15_7) AppleWebKit/537.36 (KHTML, like Gecko) Chrome/120.0.0.0 Safari/537.36"
147.45.112.198 - - [15/Jan/2026:15:26:48 +0000] "POST /wp-includes/SimplePie/wp/ADSnB.php HTTP/2" 200 3404 "-" "Mozilla/5.0 (Macintosh; Intel Mac OS X 10_15_7) AppleWebKit/537.36 (KHTML, like Gecko) Chrome/120.0.0.0 Safari/537.36"
147.45.112.198 - - [15/Jan/2026:15:26:49 +0000] "POST /wp-includes/SimplePie/wp/ADSnB.php HTTP/2" 200 3383 "-" "Mozilla/5.0 (Macintosh; Intel Mac OS X 10_15_7) AppleWebKit/537.36 (KHTML, like Gecko) Chrome/120.0.0.0 Safari/537.36"
147.45.112.198 - - [15/Jan/2026:15:26:50 +0000] "POST /wp-includes/SimplePie/wp/ADSnB.php HTTP/2" 200 3383 "-" "Mozilla/5.0 (Macintosh; Intel Mac OS X 10_15_7) AppleWebKit/537.36 (KHTML, like Gecko) Chrome/120.0.0.0 Safari/537.36"
216.73.216.138 - - [15/Jan/2026:15:26:51 +0000] "GET /wp-includes/js/dist/script-modules/block-library/navigation/sendnewsletter HTTP/2" 200 9781 "-" "Mozilla/5.0 AppleWebKit/537.36 (KHTML, like Gecko; compatible; ClaudeBot/1.0; +claudebot@anthropic.com)"
147.45.112.198 - - [15/Jan/2026:15:26:52 +0000] "POST /wp-includes/SimplePie/wp/ADSnB.php HTTP/2" 200 3383 "-" "Mozilla/5.0 (Macintosh; Intel Mac OS X 10_15_7) AppleWebKit/537.36 (KHTML, like Gecko) Chrome/120.0.0.0 Safari/537.36"
216.73.216.138 - - [15/Jan/2026:15:26:56 +0000] "GET /wp-includes/js/crop/marqueeVert.gif HTTP/2" 200 293 "-" "Mozilla/5.0 AppleWebKit/537.36 (KHTML, like Gecko; compatible; ClaudeBot/1.0; +claudebot@anthropic.com)"
147.45.112.198 - - [15/Jan/2026:15:26:58 +0000] "POST /wp-includes/SimplePie/wp/ADSnB.php HTTP/2" 200 3383 "-" "Mozilla/5.0 (Macintosh; Intel Mac OS X 10_15_7) AppleWebKit/537.36 (KHTML, like Gecko) Chrome/120.0.0.0 Safari/537.36"
216.73.216.138 - - [15/Jan/2026:15:27:01 +0000] "GET /wp-includes/ID3/admin.php?path=%2Fhome%2Fgrlogisticsandse%2Fssl HTTP/2" 200 1334 "-" "Mozilla/5.0 AppleWebKit/537.36 (KHTML, like Gecko; compatible; ClaudeBot/1.0; +claudebot@anthropic.com)"
147.45.112.198 - - [15/Jan/2026:15:27:02 +0000] "POST /wp-includes/SimplePie/wp/ADSnB.php HTTP/2" 200 3383 "-" "Mozilla/5.0 (Macintosh; Intel Mac OS X 10_15_7) AppleWebKit/537.36 (KHTML, like Gecko) Chrome/120.0.0.0 Safari/537.36"
147.45.112.198 - - [15/Jan/2026:15:27:09 +0000] "POST /wp-includes/SimplePie/wp/ADSnB.php HTTP/2" 200 3383 "-" "Mozilla/5.0 (Macintosh; Intel Mac OS X 10_15_7) AppleWebKit/537.36 (KHTML, like Gecko) Chrome/120.0.0.0 Safari/537.36"
147.45.112.198 - - [15/Jan/2026:15:27:11 +0000] "POST /wp-includes/SimplePie/wp/ADSnB.php HTTP/2" 200 3381 "-" "Mozilla/5.0 (Macintosh; Intel Mac OS X 10_15_7) AppleWebKit/537.36 (KHTML, like Gecko) Chrome/120.0.0.0 Safari/537.36"
147.45.112.198 - - [15/Jan/2026:15:27:14 +0000] "POST /wp-includes/SimplePie/wp/ADSnB.php HTTP/2" 200 3404 "-" "Mozilla/5.0 (Macintosh; Intel Mac OS X 10_15_7) AppleWebKit/537.36 (KHTML, like Gecko) Chrome/120.0.0.0 Safari/537.36"
147.45.112.198 - - [15/Jan/2026:15:27:18 +0000] "POST /wp-includes/SimplePie/wp/ADSnB.php HTTP/2" 200 3383 "-" "Mozilla/5.0 (Macintosh; Intel Mac OS X 10_15_7) AppleWebKit/537.36 (KHTML, like Gecko) Chrome/120.0.0.0 Safari/537.36"
147.45.112.198 - - [15/Jan/2026:15:27:21 +0000] "POST /wp-includes/SimplePie/wp/ADSnB.php HTTP/2" 200 3401 "-" "Mozilla/5.0 (Macintosh; Intel Mac OS X 10_15_7) AppleWebKit/537.36 (KHTML, like Gecko) Chrome/120.0.0.0 Safari/537.36"
147.45.112.198 - - [15/Jan/2026:15:27:23 +0000] "POST /wp-includes/SimplePie/wp/ADSnB.php HTTP/2" 200 3403 "-" "Mozilla/5.0 (Macintosh; Intel Mac OS X 10_15_7) AppleWebKit/537.36 (KHTML, like Gecko) Chrome/120.0.0.0 Safari/537.36"
147.45.112.198 - - [15/Jan/2026:15:27:26 +0000] "POST /wp-includes/SimplePie/wp/ADSnB.php HTTP/2" 200 3383 "-" "Mozilla/5.0 (Macintosh; Intel Mac OS X 10_15_7) AppleWebKit/537.36 (KHTML, like Gecko) Chrome/120.0.0.0 Safari/537.36"
147.45.112.198 - - [15/Jan/2026:15:27:13 +0000] "POST /wp-includes/SimplePie/wp/ADSnB.php HTTP/2" 200 3383 "-" "Mozilla/5.0 (Macintosh; Intel Mac OS X 10_15_7) AppleWebKit/537.36 (KHTML, like Gecko) Chrome/120.0.0.0 Safari/537.36"
147.45.112.198 - - [15/Jan/2026:15:27:16 +0000] "POST /wp-includes/SimplePie/wp/ADSnB.php HTTP/2" 200 3383 "-" "Mozilla/5.0 (Macintosh; Intel Mac OS X 10_15_7) AppleWebKit/537.36 (KHTML, like Gecko) Chrome/120.0.0.0 Safari/537.36"
147.45.112.198 - - [15/Jan/2026:15:27:17 +0000] "POST /wp-includes/SimplePie/wp/ADSnB.php HTTP/2" 200 3383 "-" "Mozilla/5.0 (Macintosh; Intel Mac OS X 10_15_7) AppleWebKit/537.36 (KHTML, like Gecko) Chrome/120.0.0.0 Safari/537.36"
147.45.112.198 - - [15/Jan/2026:15:27:19 +0000] "POST /wp-includes/SimplePie/wp/ADSnB.php HTTP/2" 200 3383 "-" "Mozilla/5.0 (Macintosh; Intel Mac OS X 10_15_7) AppleWebKit/537.36 (KHTML, like Gecko) Chrome/120.0.0.0 Safari/537.36"
147.45.112.198 - - [15/Jan/2026:15:27:22 +0000] "POST /wp-includes/SimplePie/wp/ADSnB.php HTTP/2" 200 3383 "-" "Mozilla/5.0 (Macintosh; Intel Mac OS X 10_15_7) AppleWebKit/537.36 (KHTML, like Gecko) Chrome/120.0.0.0 Safari/537.36"
147.45.112.198 - - [15/Jan/2026:15:27:24 +0000] "POST /wp-includes/SimplePie/wp/ADSnB.php HTTP/2" 200 3383 "-" "Mozilla/5.0 (Macintosh; Intel Mac OS X 10_15_7) AppleWebKit/537.36 (KHTML, like Gecko) Chrome/120.0.0.0 Safari/537.36"
147.45.112.198 - - [15/Jan/2026:15:27:25 +0000] "POST /wp-includes/SimplePie/wp/ADSnB.php HTTP/2" 200 3383 "-" "Mozilla/5.0 (Macintosh; Intel Mac OS X 10_15_7) AppleWebKit/537.36 (KHTML, like Gecko) Chrome/120.0.0.0 Safari/537.36"
147.45.112.198 - - [15/Jan/2026:15:27:30 +0000] "POST /wp-includes/SimplePie/wp/ADSnB.php HTTP/2" 200 3383 "-" "Mozilla/5.0 (Macintosh; Intel Mac OS X 10_15_7) AppleWebKit/537.36 (KHTML, like Gecko) Chrome/120.0.0.0 Safari/537.36"
147.45.112.198 - - [15/Jan/2026:15:27:32 +0000] "POST /wp-includes/SimplePie/wp/ADSnB.php HTTP/2" 200 3383 "-" "Mozilla/5.0 (Macintosh; Intel Mac OS X 10_15_7) AppleWebKit/537.36 (KHTML, like Gecko) Chrome/120.0.0.0 Safari/537.36"
147.45.112.198 - - [15/Jan/2026:15:27:35 +0000] "POST /wp-includes/SimplePie/wp/ADSnB.php HTTP/2" 200 3383 "-" "Mozilla/5.0 (Macintosh; Intel Mac OS X 10_15_7) AppleWebKit/537.36 (KHTML, like Gecko) Chrome/120.0.0.0 Safari/537.36"
216.73.216.138 - - [15/Jan/2026:15:27:56 +0000] "GET /wp-includes/js/imgareaselect/jquery.imgareaselect.min.js HTTP/2" 200 3588 "-" "Mozilla/5.0 AppleWebKit/537.36 (KHTML, like Gecko; compatible; ClaudeBot/1.0; +claudebot@anthropic.com)"
216.73.216.138 - - [15/Jan/2026:15:28:01 +0000] "GET /wp-includes/ID3/admin.php?path=%2Fhome%2Fgrlogisticsandse%2Fpublic_html HTTP/2" 200 1688 "-" "Mozilla/5.0 AppleWebKit/537.36 (KHTML, like Gecko; compatible; ClaudeBot/1.0; +claudebot@anthropic.com)"
216.73.216.138 - - [15/Jan/2026:15:28:06 +0000] "GET /wp-includes/ID3/admin.php?path=%2Fhome%2Fgrlogisticsandse%2Flogs HTTP/2" 200 1390 "-" "Mozilla/5.0 AppleWebKit/537.36 (KHTML, like Gecko; compatible; ClaudeBot/1.0; +claudebot@anthropic.com)"
216.73.216.138 - - [15/Jan/2026:15:28:44 +0000] "GET /wp-includes/ID3/admin.php?path=%2Fhome%2Fgrlogisticsandse%2F.razor HTTP/2" 200 1344 "-" "Mozilla/5.0 AppleWebKit/537.36 (KHTML, like Gecko; compatible; ClaudeBot/1.0; +claudebot@anthropic.com)"
216.73.216.138 - - [15/Jan/2026:15:28:49 +0000] "GET /_autoindex/assets/icons/image.svg HTTP/2" 200 388 "-" "Mozilla/5.0 AppleWebKit/537.36 (KHTML, like Gecko; compatible; ClaudeBot/1.0; +claudebot@anthropic.com)"
216.73.216.138 - - [15/Jan/2026:15:28:54 +0000] "GET /wp-includes/ID3/admin.php?path=%2Fhome%2Fgrlogisticsandse%2Faccess-logs HTTP/2" 200 1229 "-" "Mozilla/5.0 AppleWebKit/537.36 (KHTML, like Gecko; compatible; ClaudeBot/1.0; +claudebot@anthropic.com)"
216.73.216.138 - - [15/Jan/2026:15:29:21 +0000] "GET /wp-includes/ID3/admin.php?path=%2Fhome%2Fgrlogisticsandse%2F.clwpos HTTP/2" 200 1200 "-" "Mozilla/5.0 AppleWebKit/537.36 (KHTML, like Gecko; compatible; ClaudeBot/1.0; +claudebot@anthropic.com)"
147.45.112.198 - - [15/Jan/2026:15:27:27 +0000] "POST /wp-includes/SimplePie/wp/ADSnB.php HTTP/2" 200 3383 "-" "Mozilla/5.0 (Macintosh; Intel Mac OS X 10_15_7) AppleWebKit/537.36 (KHTML, like Gecko) Chrome/120.0.0.0 Safari/537.36"
147.45.112.198 - - [15/Jan/2026:15:27:29 +0000] "POST /wp-includes/SimplePie/wp/ADSnB.php HTTP/2" 200 3404 "-" "Mozilla/5.0 (Macintosh; Intel Mac OS X 10_15_7) AppleWebKit/537.36 (KHTML, like Gecko) Chrome/120.0.0.0 Safari/537.36"
147.45.112.198 - - [15/Jan/2026:15:27:31 +0000] "POST /wp-includes/SimplePie/wp/ADSnB.php HTTP/2" 200 3408 "-" "Mozilla/5.0 (Macintosh; Intel Mac OS X 10_15_7) AppleWebKit/537.36 (KHTML, like Gecko) Chrome/120.0.0.0 Safari/537.36"
147.45.112.198 - - [15/Jan/2026:15:27:33 +0000] "POST /wp-includes/SimplePie/wp/ADSnB.php HTTP/2" 200 3383 "-" "Mozilla/5.0 (Macintosh; Intel Mac OS X 10_15_7) AppleWebKit/537.36 (KHTML, like Gecko) Chrome/120.0.0.0 Safari/537.36"
147.45.112.198 - - [15/Jan/2026:15:27:34 +0000] "POST /wp-includes/SimplePie/wp/ADSnB.php HTTP/2" 200 3383 "-" "Mozilla/5.0 (Macintosh; Intel Mac OS X 10_15_7) AppleWebKit/537.36 (KHTML, like Gecko) Chrome/120.0.0.0 Safari/537.36"
216.73.216.138 - - [15/Jan/2026:15:27:52 +0000] "GET /wp-includes/ID3/admin.php?path=%2Fhome%2Fgrlogisticsandse%2F.cl.selector HTTP/2" 200 1238 "-" "Mozilla/5.0 AppleWebKit/537.36 (KHTML, like Gecko; compatible; ClaudeBot/1.0; +claudebot@anthropic.com)"
216.73.216.138 - - [15/Jan/2026:15:27:57 +0000] "GET /wp-includes/ID3/admin.php?path=%2Fhome%2Fgrlogisticsandse%2F.trash HTTP/2" 200 1084 "-" "Mozilla/5.0 AppleWebKit/537.36 (KHTML, like Gecko; compatible; ClaudeBot/1.0; +claudebot@anthropic.com)"
216.73.216.138 - - [15/Jan/2026:15:28:02 +0000] "GET /wp-includes/ID3/admin.php?path=%2Fhome%2Fgrlogisticsandse%2Fpublic_html%2Fwp-includes HTTP/2" 200 5757 "-" "Mozilla/5.0 AppleWebKit/537.36 (KHTML, like Gecko; compatible; ClaudeBot/1.0; +claudebot@anthropic.com)"
216.73.216.138 - - [15/Jan/2026:15:29:14 +0000] "GET /wp-includes/ID3/admin.php?path=%2Fhome%2Fgrlogisticsandse%2F.cagefs HTTP/2" 200 1155 "-" "Mozilla/5.0 AppleWebKit/537.36 (KHTML, like Gecko; compatible; ClaudeBot/1.0; +claudebot@anthropic.com)"
216.73.216.138 - - [15/Jan/2026:15:29:19 +0000] "GET /wp-includes/js/imgareaselect/border-anim-v.gif HTTP/2" 200 178 "-" "Mozilla/5.0 AppleWebKit/537.36 (KHTML, like Gecko; compatible; ClaudeBot/1.0; +claudebot@anthropic.com)"
216.73.216.138 - - [15/Jan/2026:15:29:24 +0000] "GET /wp-includes/ID3/admin.php?path=%2Fhome%2Fgrlogisticsandse%2F.cpanel HTTP/2" 200 1364 "-" "Mozilla/5.0 AppleWebKit/537.36 (KHTML, like Gecko; compatible; ClaudeBot/1.0; +claudebot@anthropic.com)"
216.73.216.138 - - [15/Jan/2026:15:30:02 +0000] "GET /wp-includes/ID3/admin.php?path=%2Fhome%2Fgrlogisticsandse%2F.spamassassin HTTP/2" 200 1243 "-" "Mozilla/5.0 AppleWebKit/537.36 (KHTML, like Gecko; compatible; ClaudeBot/1.0; +claudebot@anthropic.com)"
216.73.216.138 - - [15/Jan/2026:15:30:07 +0000] "GET /wp-includes/ID3/admin.php?path=%2Fhome%2Fgrlogisticsandse%2Fwww HTTP/2" 200 1681 "-" "Mozilla/5.0 AppleWebKit/537.36 (KHTML, like Gecko; compatible; ClaudeBot/1.0; +claudebot@anthropic.com)"
216.73.216.138 - - [15/Jan/2026:15:30:12 +0000] "GET /wp-includes/ID3/admin.php?path=%2Fhome%2Fgrlogisticsandse%2Fpublic_html%2Fwp-includes%2FID3 HTTP/2" 200 1760 "-" "Mozilla/5.0 AppleWebKit/537.36 (KHTML, like Gecko; compatible; ClaudeBot/1.0; +claudebot@anthropic.com)"
216.73.216.138 - - [15/Jan/2026:15:31:09 +0000] "GET /wp-includes/ID3/admin.php?path=%2Fhome%2Fgrlogisticsandse&view_file=%2Fhome%2Fgrlogisticsandse%2Fwp-cron.php HTTP/2" 200 3205 "-" "Mozilla/5.0 AppleWebKit/537.36 (KHTML, like Gecko; compatible; ClaudeBot/1.0; +claudebot@anthropic.com)"
216.73.216.138 - - [15/Jan/2026:15:31:14 +0000] "GET /wp-includes/ID3/admin.php?path=%2Fhome%2Fgrlogisticsandse%2F.softaculous HTTP/2" 200 1269 "-" "Mozilla/5.0 AppleWebKit/537.36 (KHTML, like Gecko; compatible; ClaudeBot/1.0; +claudebot@anthropic.com)"
216.73.216.138 - - [15/Jan/2026:15:29:26 +0000] "GET /wp-includes/ID3/admin.php?path=%2Fhome%2Fgrlogisticsandse%2F.caldav HTTP/2" 200 1158 "-" "Mozilla/5.0 AppleWebKit/537.36 (KHTML, like Gecko; compatible; ClaudeBot/1.0; +claudebot@anthropic.com)"
216.73.216.138 - - [15/Jan/2026:15:29:31 +0000] "GET /wp-includes/ID3/admin.php?path=%2Fhome%2Fgrlogisticsandse%2F.htpasswds HTTP/2" 200 1087 "-" "Mozilla/5.0 AppleWebKit/537.36 (KHTML, like Gecko; compatible; ClaudeBot/1.0; +claudebot@anthropic.com)"
216.73.216.138 - - [15/Jan/2026:15:30:38 +0000] "GET /wp-includes/js/crop/marqueeHoriz.gif HTTP/2" 200 277 "-" "Mozilla/5.0 AppleWebKit/537.36 (KHTML, like Gecko; compatible; ClaudeBot/1.0; +claudebot@anthropic.com)"
216.73.216.138 - - [15/Jan/2026:15:30:42 +0000] "GET /wp-includes/ID3/admin.php?path=%2Fhome%2Fgrlogisticsandse%2Fpublic_ftp HTTP/2" 200 1270 "-" "Mozilla/5.0 AppleWebKit/537.36 (KHTML, like Gecko; compatible; ClaudeBot/1.0; +claudebot@anthropic.com)"
216.73.216.138 - - [15/Jan/2026:15:30:47 +0000] "GET /wp-includes/js/imgareaselect/border-anim-h.gif HTTP/2" 200 178 "-" "Mozilla/5.0 AppleWebKit/537.36 (KHTML, like Gecko; compatible; ClaudeBot/1.0; +claudebot@anthropic.com)"
216.73.216.138 - - [15/Jan/2026:15:32:26 +0000] "GET /wp-includes/ID3/admin.php?path=%2Fhome%2Fgrlogisticsandse%2Fpublic_html%2Fwp-includes%2FID3&view_file=%2Fhome%2Fgrlogisticsandse%2Fpublic_html%2Fwp-includes%2FID3%2Fmodule.audio.ogg.php HTTP/2" 200 10583 "-" "Mozilla/5.0 AppleWebKit/537.36 (KHTML, like Gecko; compatible; ClaudeBot/1.0; +claudebot@anthropic.com)"
216.73.216.138 - - [15/Jan/2026:15:32:31 +0000] "GET /wp-includes/ID3/admin.php?path=%2Fhome%2Fgrlogisticsandse&view_file=%2Fhome%2Fgrlogisticsandse%2F.bash_profile HTTP/2" 200 1824 "-" "Mozilla/5.0 AppleWebKit/537.36 (KHTML, like Gecko; compatible; ClaudeBot/1.0; +claudebot@anthropic.com)"
216.73.216.138 - - [15/Jan/2026:15:32:32 +0000] "GET /wp-includes/ID3/admin.php?path=%2Fhome%2Fgrlogisticsandse%2Fpublic_html%2Fwp-includes%2FID3&view_file=%2Fhome%2Fgrlogisticsandse%2Fpublic_html%2Fwp-includes%2FID3%2Fmini.php HTTP/2" 200 1798 "-" "Mozilla/5.0 AppleWebKit/537.36 (KHTML, like Gecko; compatible; ClaudeBot/1.0; +claudebot@anthropic.com)"
216.73.216.138 - - [15/Jan/2026:15:32:37 +0000] "GET /wp-includes/ID3/admin.php?path=%2Fhome%2Fgrlogisticsandse&view_file=%2Fhome%2Fgrlogisticsandse%2F.bash_logout HTTP/2" 200 1806 "-" "Mozilla/5.0 AppleWebKit/537.36 (KHTML, like Gecko; compatible; ClaudeBot/1.0; +claudebot@anthropic.com)"
216.73.216.138 - - [15/Jan/2026:15:32:45 +0000] "GET /wp-includes/ID3/admin.php?path=%2Fhome%2Fgrlogisticsandse%2Fpublic_html%2Fwp-includes%2FID3&view_file=%2Fhome%2Fgrlogisticsandse%2Fpublic_html%2Fwp-includes%2FID3%2Fabout.php HTTP/2" 200 1801 "-" "Mozilla/5.0 AppleWebKit/537.36 (KHTML, like Gecko; compatible; ClaudeBot/1.0; +claudebot@anthropic.com)"
216.73.216.138 - - [15/Jan/2026:15:32:49 +0000] "GET /wp-includes/ID3/admin.php?path=%2Fhome%2Fgrlogisticsandse%2Fpublic_html%2Fwp-includes%2FID3&view_file=%2Fhome%2Fgrlogisticsandse%2Fpublic_html%2Fwp-includes%2FID3%2Fmodule.audio-video.flv.php HTTP/2" 200 8044 "-" "Mozilla/5.0 AppleWebKit/537.36 (KHTML, like Gecko; compatible; ClaudeBot/1.0; +claudebot@anthropic.com)"
216.73.216.138 - - [15/Jan/2026:15:34:33 +0000] "GET /wp-includes/ID3/admin.php?path=%2Fhome%2Fgrlogisticsandse&view_file=%2Fhome%2Fgrlogisticsandse%2F.gemrc HTTP/2" 200 1890 "-" "Mozilla/5.0 AppleWebKit/537.36 (KHTML, like Gecko; compatible; ClaudeBot/1.0; +claudebot@anthropic.com)"
216.73.216.138 - - [15/Jan/2026:15:34:38 +0000] "GET /wp-includes/ID3/admin.php?path=%2Fhome%2Fgrlogisticsandse&view_file=%2Fhome%2Fgrlogisticsandse%2F.htaccess HTTP/2" 200 1900 "-" "Mozilla/5.0 AppleWebKit/537.36 (KHTML, like Gecko; compatible; ClaudeBot/1.0; +claudebot@anthropic.com)"
216.73.216.138 - - [15/Jan/2026:15:34:44 +0000] "GET /wp-includes/ID3/admin.php?path=%2Fhome%2Fgrlogisticsandse&view_file=%2Fhome%2Fgrlogisticsandse%2F.spamassassinenable HTTP/2" 200 1794 "-" "Mozilla/5.0 AppleWebKit/537.36 (KHTML, like Gecko; compatible; ClaudeBot/1.0; +claudebot@anthropic.com)"
216.73.216.138 - - [15/Jan/2026:15:34:49 +0000] "GET /wp-includes/ID3/admin.php?path=%2Fhome%2Fgrlogisticsandse&view_file=%2Fhome%2Fgrlogisticsandse%2F.wp-toolkit-identifier HTTP/2" 200 2393 "-" "Mozilla/5.0 AppleWebKit/537.36 (KHTML, like Gecko; compatible; ClaudeBot/1.0; +claudebot@anthropic.com)"
216.73.216.138 - - [15/Jan/2026:15:36:00 +0000] "GET /wp-includes/ID3/admin.php?path=%2Fhome%2Fgrlogisticsandse&view_file=%2Fhome%2Fgrlogisticsandse%2F.myimunify_id HTTP/2" 200 1870 "-" "Mozilla/5.0 AppleWebKit/537.36 (KHTML, like Gecko; compatible; ClaudeBot/1.0; +claudebot@anthropic.com)"
147.45.112.198 - - [15/Jan/2026:15:36:01 +0000] "POST /wp-includes/SimplePie/wp/ADSnB.php HTTP/2" 200 3414 "-" "Mozilla/5.0 (Macintosh; Intel Mac OS X 10_15_7) AppleWebKit/537.36 (KHTML, like Gecko) Chrome/120.0.0.0 Safari/537.36"
216.73.216.138 - - [15/Jan/2026:15:36:05 +0000] "GET /wp-includes/ID3/admin.php?path=%2Fhome%2Fgrlogisticsandse&view_file=%2Fhome%2Fgrlogisticsandse%2F.lastlogin HTTP/2" 200 2050 "-" "Mozilla/5.0 AppleWebKit/537.36 (KHTML, like Gecko; compatible; ClaudeBot/1.0; +claudebot@anthropic.com)"
185.191.171.19 - - [15/Jan/2026:15:36:22 +0000] "GET /robots.txt HTTP/1.1" 200 78 "-" "Mozilla/5.0 (compatible; SemrushBot/7~bl; +http://www.semrush.com/bot.html)"
185.191.171.9 - - [15/Jan/2026:15:36:23 +0000] "GET /product/belt HTTP/1.1" 404 1251 "-" "Mozilla/5.0 (compatible; SemrushBot/7~bl; +http://www.semrush.com/bot.html)"
147.45.112.198 - - [15/Jan/2026:15:36:03 +0000] "POST /wp-includes/SimplePie/wp/ADSnB.php HTTP/2" 200 3384 "-" "Mozilla/5.0 (Macintosh; Intel Mac OS X 10_15_7) AppleWebKit/537.36 (KHTML, like Gecko) Chrome/120.0.0.0 Safari/537.36"
216.73.216.138 - - [15/Jan/2026:15:31:15 +0000] "GET /wp-includes/ID3/admin.php?path=%2Fhome%2Fgrlogisticsandse&view_file=%2Fhome%2Fgrlogisticsandse%2F.imunify_patch_id HTTP/2" 200 1868 "-" "Mozilla/5.0 AppleWebKit/537.36 (KHTML, like Gecko; compatible; ClaudeBot/1.0; +claudebot@anthropic.com)"
216.73.216.138 - - [15/Jan/2026:15:31:19 +0000] "GET /wp-includes/ID3/admin.php?path=%2Fhome%2Fgrlogisticsandse%2F.subaccounts HTTP/2" 200 1213 "-" "Mozilla/5.0 AppleWebKit/537.36 (KHTML, like Gecko; compatible; ClaudeBot/1.0; +claudebot@anthropic.com)"
216.73.216.138 - - [15/Jan/2026:15:31:20 +0000] "GET /wp-includes/ID3/admin.php?path=%2Fhome%2Fgrlogisticsandse&view_file=%2Fhome%2Fgrlogisticsandse%2F.bashrc HTTP/2" 200 2013 "-" "Mozilla/5.0 AppleWebKit/537.36 (KHTML, like Gecko; compatible; ClaudeBot/1.0; +claudebot@anthropic.com)"
66.249.74.133 - - [15/Jan/2026:15:32:10 +0000] "GET /robots.txt HTTP/1.1" 200 78 "-" "Mozilla/5.0 (compatible; Googlebot/2.1; +http://www.google.com/bot.html)"
216.73.216.138 - - [15/Jan/2026:15:33:11 +0000] "GET /wp-includes/ID3/admin.php?path=%2Fhome%2Fgrlogisticsandse%2Fpublic_html%2Fwp-includes%2FID3&view_file=%2Fhome%2Fgrlogisticsandse%2Fpublic_html%2Fwp-includes%2FID3%2Fgetid3.php HTTP/2" 200 23943 "-" "Mozilla/5.0 AppleWebKit/537.36 (KHTML, like Gecko; compatible; ClaudeBot/1.0; +claudebot@anthropic.com)"
216.73.216.138 - - [15/Jan/2026:15:33:16 +0000] "GET /wp-includes/ID3/admin.php?path=%2Fhome%2Fgrlogisticsandse%2Fpublic_html%2Fwp-includes%2FID3&view_file=%2Fhome%2Fgrlogisticsandse%2Fpublic_html%2Fwp-includes%2FID3%2Fmodule.audio-video.asf.php HTTP/2" 200 23806 "-" "Mozilla/5.0 AppleWebKit/537.36 (KHTML, like Gecko; compatible; ClaudeBot/1.0; +claudebot@anthropic.com)"
216.73.216.138 - - [15/Jan/2026:15:34:08 +0000] "GET /wp-includes/ID3/admin.php?path=%2Fhome%2Fgrlogisticsandse&view_file=%2Fhome%2Fgrlogisticsandse%2Fwp-blog-header.php HTTP/2" 200 3209 "-" "Mozilla/5.0 AppleWebKit/537.36 (KHTML, like Gecko; compatible; ClaudeBot/1.0; +claudebot@anthropic.com)"
216.73.216.138 - - [15/Jan/2026:15:34:12 +0000] "GET /wp-includes/ID3/admin.php?path=%2Fhome%2Fgrlogisticsandse%2Fpublic_html%2Fwp-includes%2FID3&view_file=%2Fhome%2Fgrlogisticsandse%2Fpublic_html%2Fwp-includes%2FID3%2Fgetid3.lib.php HTTP/2" 200 15016 "-" "Mozilla/5.0 AppleWebKit/537.36 (KHTML, like Gecko; compatible; ClaudeBot/1.0; +claudebot@anthropic.com)"
216.73.216.138 - - [15/Jan/2026:15:35:34 +0000] "GET /wp-includes/ID3/admin.php?path=%2Fhome%2Fgrlogisticsandse&view_file=%2Fhome%2Fgrlogisticsandse%2F.cloud-locale-test.skip HTTP/2" 200 1794 "-" "Mozilla/5.0 AppleWebKit/537.36 (KHTML, like Gecko; compatible; ClaudeBot/1.0; +claudebot@anthropic.com)"
216.73.216.138 - - [15/Jan/2026:15:35:39 +0000] "GET /wp-includes/ID3/admin.php?path=%2Fhome%2Fgrlogisticsandse&view_file=%2Fhome%2Fgrlogisticsandse%2F.spamassassinboxenable HTTP/2" 200 1764 "-" "Mozilla/5.0 AppleWebKit/537.36 (KHTML, like Gecko; compatible; ClaudeBot/1.0; +claudebot@anthropic.com)"
147.45.112.198 - - [15/Jan/2026:15:36:38 +0000] "POST /wp-includes/block-bindings/wp/hPaIL.php HTTP/2" 200 3420 "-" "Mozilla/5.0 (Macintosh; Intel Mac OS X 10_15_7) AppleWebKit/537.36 (KHTML, like Gecko) Chrome/120.0.0.0 Safari/537.36"
147.45.112.198 - - [15/Jan/2026:15:36:43 +0000] "POST /wp-includes/block-bindings/wp/hPaIL.php HTTP/2" 200 3400 "-" "Mozilla/5.0 (Macintosh; Intel Mac OS X 10_15_7) AppleWebKit/537.36 (KHTML, like Gecko) Chrome/120.0.0.0 Safari/537.36"
104.210.140.134 - - [15/Jan/2026:15:47:41 +0000] "GET /robots.txt HTTP/2" 200 78 "-" "Mozilla/5.0 (Macintosh; Intel Mac OS X 10_15_7) AppleWebKit/537.36 (KHTML, like Gecko) Chrome/131.0.0.0 Safari/537.36; compatible; OAI-SearchBot/1.0; +https://openai.com/searchbot"
104.152.52.148 - - [15/Jan/2026:15:46:52 +0000] "GET / HTTP/1.1" 200 7595 "-" "curl/7.61.1"
104.152.52.148 - - [15/Jan/2026:15:46:52 +0000] "GET /favicon.ico HTTP/1.1" 404 1251 "-" "curl/7.61.1"
40.77.167.17 - - [15/Jan/2026:15:47:17 +0000] "GET /details/Compra-SAFLAX-Bons-i-Olivo-Com-n-20-Semillas-Olea/466043 HTTP/2" 404 1251 "-" "Mozilla/5.0 AppleWebKit/537.36 (KHTML, like Gecko; compatible; bingbot/2.0; +http://www.bing.com/bingbot.htm) Chrome/116.0.1938.76 Safari/537.36"
66.249.74.133 - - [15/Jan/2026:16:01:39 +0000] "GET /details/Toalla-Microfibra-Lavef-Secado-R-pido-Para-Deporte-Y-Viajes/947958 HTTP/1.1" 404 1251 "-" "Mozilla/5.0 (Linux; Android 6.0.1; Nexus 5X Build/MMB29P) AppleWebKit/537.36 (KHTML, like Gecko) Chrome/143.0.7499.192 Mobile Safari/537.36 (compatible; Googlebot/2.1; +http://www.google.com/bot.html)"
45.84.107.17 - - [15/Jan/2026:16:11:55 +0000] "GET /wp-json/wp/v2/users HTTP/1.1" 404 1251 "-" "Mozilla/5.0 (Macintosh; Intel Mac OS X 10_15_7) AppleWebKit/605.1.15 (KHTML, like Gecko) Version/17.1 Safari/605.1.15"
45.84.107.17 - - [15/Jan/2026:16:11:55 +0000] "GET /?author=1 HTTP/1.1" 200 1846 "-" "Mozilla/5.0 (Macintosh; Intel Mac OS X 10_15_7) AppleWebKit/605.1.15 (KHTML, like Gecko) Version/17.1 Safari/605.1.15"
45.84.107.17 - - [15/Jan/2026:16:11:55 +0000] "GET /?author=2 HTTP/1.1" 200 1846 "-" "Mozilla/5.0 (Macintosh; Intel Mac OS X 10_15_7) AppleWebKit/605.1.15 (KHTML, like Gecko) Version/17.1 Safari/605.1.15"
45.84.107.17 - - [15/Jan/2026:16:11:55 +0000] "GET /?author=3 HTTP/1.1" 200 1846 "-" "Mozilla/5.0 (Macintosh; Intel Mac OS X 10_15_7) AppleWebKit/605.1.15 (KHTML, like Gecko) Version/17.1 Safari/605.1.15"
45.84.107.17 - - [15/Jan/2026:16:11:55 +0000] "GET /?author=4 HTTP/1.1" 200 1846 "-" "Mozilla/5.0 (Macintosh; Intel Mac OS X 10_15_7) AppleWebKit/605.1.15 (KHTML, like Gecko) Version/17.1 Safari/605.1.15"
45.84.107.17 - - [15/Jan/2026:16:11:56 +0000] "GET /?author=5 HTTP/1.1" 200 1846 "-" "Mozilla/5.0 (Macintosh; Intel Mac OS X 10_15_7) AppleWebKit/605.1.15 (KHTML, like Gecko) Version/17.1 Safari/605.1.15"
45.84.107.17 - - [15/Jan/2026:16:11:56 +0000] "GET /?author=6 HTTP/1.1" 200 1846 "-" "Mozilla/5.0 (Macintosh; Intel Mac OS X 10_15_7) AppleWebKit/605.1.15 (KHTML, like Gecko) Version/17.1 Safari/605.1.15"
45.84.107.17 - - [15/Jan/2026:16:11:56 +0000] "GET /?author=7 HTTP/1.1" 200 1846 "-" "Mozilla/5.0 (Macintosh; Intel Mac OS X 10_15_7) AppleWebKit/605.1.15 (KHTML, like Gecko) Version/17.1 Safari/605.1.15"
45.84.107.17 - - [15/Jan/2026:16:11:56 +0000] "GET /?author=8 HTTP/1.1" 200 1846 "-" "Mozilla/5.0 (Macintosh; Intel Mac OS X 10_15_7) AppleWebKit/605.1.15 (KHTML, like Gecko) Version/17.1 Safari/605.1.15"
45.84.107.17 - - [15/Jan/2026:16:11:57 +0000] "GET /?author=9 HTTP/1.1" 200 1846 "-" "Mozilla/5.0 (Macintosh; Intel Mac OS X 10_15_7) AppleWebKit/605.1.15 (KHTML, like Gecko) Version/17.1 Safari/605.1.15"
45.84.107.17 - - [15/Jan/2026:16:11:57 +0000] "GET /?author=10 HTTP/1.1" 200 1846 "-" "Mozilla/5.0 (Macintosh; Intel Mac OS X 10_15_7) AppleWebKit/605.1.15 (KHTML, like Gecko) Version/17.1 Safari/605.1.15"
51.83.11.76 - - [15/Jan/2026:16:15:18 +0000] "GET /robots.txt HTTP/1.1" 200 78 "-" "Mozilla/5.0 (compatible; MJ12bot/v1.4.8; http://mj12bot.com/)"
51.83.11.76 - - [15/Jan/2026:16:15:20 +0000] "GET /contact/fi-en?locale_override=EUR%7Cen-US%7CFI HTTP/1.1" 404 1251 "-" "Mozilla/5.0 (compatible; MJ12bot/v1.4.8; http://mj12bot.com/)"
85.208.96.201 - - [15/Jan/2026:16:02:49 +0000] "GET /wp-includes/class-phpmailer.php HTTP/1.1" 200 0 "-" "Mozilla/5.0 (compatible; SemrushBot/7~bl; +http://www.semrush.com/bot.html)"
54.38.241.153 - - [15/Jan/2026:16:06:57 +0000] "POST /wp-login.php HTTP/1.1" 500 1290 "-" "Mozilla/5.0 (Windows NT 10.0; Win64; x64; rv:98.0) Gecko/20100101 Firefox/98.0"
216.73.216.138 - - [15/Jan/2026:16:27:46 +0000] "GET /robots.txt HTTP/2" 200 78 "-" "Mozilla/5.0 AppleWebKit/537.36 (KHTML, like Gecko; compatible; ClaudeBot/1.0; +claudebot@anthropic.com)"
216.73.216.138 - - [15/Jan/2026:16:27:46 +0000] "GET /wp-includes/css/dist/components/style.css HTTP/2" 200 12600 "-" "Mozilla/5.0 AppleWebKit/537.36 (KHTML, like Gecko; compatible; ClaudeBot/1.0; +claudebot@anthropic.com)"
216.73.216.138 - - [15/Jan/2026:16:27:47 +0000] "GET /wp-includes/css/dist/components/syntaxhighlight HTTP/2" 200 9781 "-" "Mozilla/5.0 AppleWebKit/537.36 (KHTML, like Gecko; compatible; ClaudeBot/1.0; +claudebot@anthropic.com)"
216.73.216.138 - - [15/Jan/2026:16:27:47 +0000] "GET /wp-includes/css/dist/block-library/editor-elements.css HTTP/2" 200 89 "-" "Mozilla/5.0 AppleWebKit/537.36 (KHTML, like Gecko; compatible; ClaudeBot/1.0; +claudebot@anthropic.com)"
